{"id":663,"date":"2023-01-19T15:20:01","date_gmt":"2023-01-19T14:20:01","guid":{"rendered":"https:\/\/lavilladordogne.wordpress.com\/tarifs-disponibilites-reservations\/"},"modified":"2024-08-16T14:36:35","modified_gmt":"2024-08-16T12:36:35","slug":"tarifs-disponibilites-reservations","status":"publish","type":"page","link":"https:\/\/la-villa-pourpre.com\/index.php\/tarifs-disponibilites-reservations\/","title":{"rendered":"Tarifs-Disponibilit\u00e9s-R\u00e9servations"},"content":{"rendered":"<blockquote>\n<p style=\"text-align: center\">\u00c0 La Villa, les <b>TARIFS<\/b> sont<strong> TOUT INCLUS<\/strong><\/p>\n<p style=\"text-align: center\">(\u00e0 l&rsquo;exception de la Taxe de s\u00e9jour)<\/p>\n<\/blockquote>\n<p>Pour votre <i>confort<\/i>, nous fournissons le linge de lits (les&nbsp;<b>lits sont faits \u00e0 votre arriv\u00e9e<\/b>), le linge de toilette en quantit\u00e9 et qualit\u00e9,<b>&nbsp;y compris les serviettes de piscine<\/b>, le linge de maison ainsi que les <b>ustensiles et produits d\u2019entretien <\/b>(\u00e9ponges, produit vaisselle, sacs poubelles, des produits d\u2019accueil&nbsp;pour salle de bain, un fonds de cuisine, \u2026). Le <b>m\u00e9nage de fin de s\u00e9jour (sols, sanitaires, <\/b><strong>fen\u00eatres &amp; baies<\/strong><b> <\/b><strong>vitr\u00e9es<\/strong><b>, gestion du linge) est<\/b> <strong>inclus<\/strong> ainsi qu&rsquo;un service de \u00ab\u00a0rafra\u00eechissement de la Villa\u00a0\u00bb chaque samedi matin pour tout s\u00e9jour d&rsquo;au moins 2 semaines cons\u00e9cutives.<\/p>\n<blockquote>\n<p style=\"text-align: center\"><b>EN HAUTE SAISON: <\/b><strong>De 550\u20ac \u00e0 650\u20ac\/ jour selon p\u00e9riodes (devis sur simple demande<\/strong><b> via le <\/b><strong>formulaire<\/strong><b> de <\/b><strong>contact<\/strong><b>) <\/b><\/p>\n<p style=\"text-align: center\"><strong>Juillet<\/strong> &amp; <b>ao\u00fbt<\/b>: r\u00e9servations de 2 semaines minimum sur la p\u00e9riode des vacances scolaires fran\u00e7aises (d\u00e9but juillet-fin ao\u00fbt).<\/p>\n<p style=\"text-align: center\">Arriv\u00e9es et d\u00e9parts les samedis.<\/p>\n<\/blockquote>\n<p><strong><\/strong><\/p>\n<hr>\n<blockquote>\n<p style=\"text-align: center\"><b>TARIFS STANDARDS: de500 <\/b><strong>\u00e0<\/strong><b> 550\u20ac\/jour<\/b><\/p>\n<p style=\"text-align: center\"><b>Juin &amp; septembre <\/b><\/p>\n<p style=\"text-align: center\">r\u00e9servations de 7 jours minimum, jours d&rsquo;arriv\u00e9e et d\u00e9part libres.<\/p>\n<\/blockquote>\n<p><span><u><\/u><\/span><\/p>\n<p>Des questions? Des envies de r\u00e9servation?<\/p>\n<div data-test='contact-form' id='contact-form-663' class='wp-block-jetpack-contact-form-container '>\n<form action='https:\/\/la-villa-pourpre.com\/index.php\/tarifs-disponibilites-reservations\/#contact-form-663' method='post' class='contact-form commentsblock' aria-label=\"Tarifs-Disponibilit\u00e9s-R\u00e9servations\" novalidate>\n\n<div style=\"\" class='grunion-field-name-wrap grunion-field-wrap'  >\n<label\n\t\t\t\tfor='g663-nom'\n\t\t\t\tclass='grunion-field-label name'>Nom<span class=\"grunion-label-required\" aria-hidden=\"true\">(obligatoire)<\/span><\/label>\n<input\n\t\t\t\t\ttype='text'\n\t\t\t\t\tname='g663-nom'\n\t\t\t\t\tid='g663-nom'\n\t\t\t\t\tvalue=''\n\t\t\t\t\tclass='name  grunion-field' \n\t\t\t\t\trequired aria-required='true' \/>\n\t<\/div>\n\n<div style=\"\" class='grunion-field-email-wrap grunion-field-wrap'  >\n<label\n\t\t\t\tfor='g663-email'\n\t\t\t\tclass='grunion-field-label email'>Email<span class=\"grunion-label-required\" aria-hidden=\"true\">(obligatoire)<\/span><\/label>\n<input\n\t\t\t\t\ttype='email'\n\t\t\t\t\tname='g663-email'\n\t\t\t\t\tid='g663-email'\n\t\t\t\t\tvalue=''\n\t\t\t\t\tclass='email  grunion-field' \n\t\t\t\t\trequired aria-required='true' \/>\n\t<\/div>\n\n<div style=\"\" class='grunion-field-text-wrap grunion-field-wrap'  >\n<label\n\t\t\t\tfor='g663-datessouhaites'\n\t\t\t\tclass='grunion-field-label text'>Dates souhait\u00e9es<span class=\"grunion-label-required\" aria-hidden=\"true\">(obligatoire)<\/span><\/label>\n<input\n\t\t\t\t\ttype='text'\n\t\t\t\t\tname='g663-datessouhaites'\n\t\t\t\t\tid='g663-datessouhaites'\n\t\t\t\t\tvalue=''\n\t\t\t\t\tclass='text  grunion-field' \n\t\t\t\t\trequired aria-required='true' \/>\n\t<\/div>\n\n<div style=\"\" class='grunion-field-text-wrap grunion-field-wrap'  >\n<label\n\t\t\t\tfor='g663-nombredadultesenfantsbbs'\n\t\t\t\tclass='grunion-field-label text'>Nombre d&#039;adultes\/enfants\/b\u00e9b\u00e9s<span class=\"grunion-label-required\" aria-hidden=\"true\">(obligatoire)<\/span><\/label>\n<input\n\t\t\t\t\ttype='text'\n\t\t\t\t\tname='g663-nombredadultesenfantsbbs'\n\t\t\t\t\tid='g663-nombredadultesenfantsbbs'\n\t\t\t\t\tvalue=''\n\t\t\t\t\tclass='text  grunion-field' \n\t\t\t\t\trequired aria-required='true' \/>\n\t<\/div>\n\n<div style=\"\" class='grunion-field-text-wrap grunion-field-wrap'  >\n<label\n\t\t\t\tfor='g663-renseignementsrservations'\n\t\t\t\tclass='grunion-field-label text'>Renseignements-R\u00e9servations<\/label>\n<input\n\t\t\t\t\ttype='text'\n\t\t\t\t\tname='g663-renseignementsrservations'\n\t\t\t\t\tid='g663-renseignementsrservations'\n\t\t\t\t\tvalue=''\n\t\t\t\t\tclass='text  grunion-field' \n\t\t\t\t\t \/>\n\t<\/div>\n\t<p class='contact-submit'>\n\t\t<button type='submit' class='pushbutton-wide'>Envoyer<\/button>\t\t<input type='hidden' name='contact-form-id' value='663' \/>\n\t\t<input type='hidden' name='action' value='grunion-contact-form' \/>\n\t\t<input type='hidden' name='contact-form-hash' value='bd0610e83857e78fc761e13d94e69775e4b56121' \/>\n\t<\/p>\n<\/form>\n<\/div>\n<p>&nbsp;<\/p>\n<p>&nbsp;<\/p>\n","protected":false},"excerpt":{"rendered":"<p>\u00c0 La Villa, les TARIFS sont TOUT INCLUS (\u00e0 l&rsquo;exception de la Taxe de s\u00e9jour) Pour votre confort, nous fournissons le linge de lits (les&nbsp;lits sont faits \u00e0 votre arriv\u00e9e), le linge de toilette en quantit\u00e9 et qualit\u00e9,&nbsp;y compris les serviettes de piscine, le linge de maison ainsi que les ustensiles et produits d\u2019entretien (\u00e9ponges, &hellip; <a href=\"https:\/\/la-villa-pourpre.com\/index.php\/tarifs-disponibilites-reservations\/\" class=\"more-link\">Lire la suite <span class=\"screen-reader-text\">Tarifs-Disponibilit\u00e9s-R\u00e9servations<\/span><\/a><\/p>\n","protected":false},"author":2,"featured_media":0,"parent":0,"menu_order":0,"comment_status":"closed","ping_status":"closed","template":"","meta":{"_ti_tpc_template_sync":false,"_ti_tpc_template_id":"","footnotes":""},"jetpack_sharing_enabled":true,"_links":{"self":[{"href":"https:\/\/la-villa-pourpre.com\/index.php\/wp-json\/wp\/v2\/pages\/663"}],"collection":[{"href":"https:\/\/la-villa-pourpre.com\/index.php\/wp-json\/wp\/v2\/pages"}],"about":[{"href":"https:\/\/la-villa-pourpre.com\/index.php\/wp-json\/wp\/v2\/types\/page"}],"author":[{"embeddable":true,"href":"https:\/\/la-villa-pourpre.com\/index.php\/wp-json\/wp\/v2\/users\/2"}],"replies":[{"embeddable":true,"href":"https:\/\/la-villa-pourpre.com\/index.php\/wp-json\/wp\/v2\/comments?post=663"}],"version-history":[{"count":1,"href":"https:\/\/la-villa-pourpre.com\/index.php\/wp-json\/wp\/v2\/pages\/663\/revisions"}],"predecessor-version":[{"id":792,"href":"https:\/\/la-villa-pourpre.com\/index.php\/wp-json\/wp\/v2\/pages\/663\/revisions\/792"}],"wp:attachment":[{"href":"https:\/\/la-villa-pourpre.com\/index.php\/wp-json\/wp\/v2\/media?parent=663"}],"curies":[{"name":"wp","href":"https:\/\/api.w.org\/{rel}","templated":true}]}}