{"id":254,"date":"2018-08-16T12:52:29","date_gmt":"2018-08-16T11:52:29","guid":{"rendered":"https:\/\/lavilladordogne.wordpress.com\/?page_id=254"},"modified":"2018-08-16T12:52:29","modified_gmt":"2018-08-16T11:52:29","slug":"a-voir-a-faire","status":"publish","type":"page","link":"https:\/\/la-villa-pourpre.com\/index.php\/a-voir-a-faire\/","title":{"rendered":"\u00c0 voir, \u00e0 faire"},"content":{"rendered":"<p>&nbsp;<\/p>\n<ul>\n<li>Assister \u00e0 un spectacle Unique en Nouvelle-Aquitaine : les fresques <em>lumineuses<\/em>, <em>grandioses<\/em> et en <em>4D<\/em>, au <strong>Ch\u00e2teau de Duras<\/strong>! 40 minutes de spectacle, \u00e0 22h30 du 28 juin au 30 ao\u00fbt tous les mardis, jeudis et dimanches au Ch\u00e2teau (3\u20ac \u00e0 partir de 7 ans). \u00c0 coupler en amont avec une visite du ch\u00e2teau. <em>Le must.<\/em><\/li>\n<\/ul>\n<p>https:\/\/www.facebook.com\/chateau.de.duras\/videos\/1985712838168720\/<\/p>\n<p><div id='gallery-1' class='gallery galleryid-254 gallery-columns-3 gallery-size-thumbnail'><figure class='gallery-item'>\n\t\t\t<div class='gallery-icon landscape'>\n\t\t\t\t<a href='https:\/\/la-villa-pourpre.com\/img_3334\/'><img decoding=\"async\" width=\"150\" height=\"150\" src=\"https:\/\/la-villa-pourpre.com\/wp-content\/uploads\/2018\/08\/img_3334-150x150.jpg\" class=\"attachment-thumbnail size-thumbnail\" alt=\"\" \/><\/a>\n\t\t\t<\/div><\/figure><figure class='gallery-item'>\n\t\t\t<div class='gallery-icon landscape'>\n\t\t\t\t<a href='https:\/\/la-villa-pourpre.com\/img_3336\/'><img decoding=\"async\" width=\"150\" height=\"150\" src=\"https:\/\/la-villa-pourpre.com\/wp-content\/uploads\/2018\/08\/img_3336-150x150.jpg\" class=\"attachment-thumbnail size-thumbnail\" alt=\"\" \/><\/a>\n\t\t\t<\/div><\/figure><figure class='gallery-item'>\n\t\t\t<div class='gallery-icon landscape'>\n\t\t\t\t<a href='https:\/\/la-villa-pourpre.com\/img_3335\/'><img decoding=\"async\" width=\"150\" height=\"150\" src=\"https:\/\/la-villa-pourpre.com\/wp-content\/uploads\/2018\/08\/img_3335-150x150.jpg\" class=\"attachment-thumbnail size-thumbnail\" alt=\"\" \/><\/a>\n\t\t\t<\/div><\/figure>\n\t\t<\/div>\nVisiter <strong>Saint Emilion<\/strong> (village <em>UNESCO<\/em>), son centre <em>m\u00e9di\u00e9val<\/em>, son clo\u00eetre, ses Ch\u00e2teaux et ses <em>caves prestigieuses<\/em>. Faire le plein de souvenirs estampill\u00e9s Grands Crus Class\u00e9s. En profiter pour d\u00e9guster (et ramener!) l&rsquo;autre sp\u00e9cialit\u00e9 de Saint Emilion: les <strong>macarons<\/strong> de Nadia Fermigier -boutique 9 rue Guadet 33330 St Emilion- Tellement hummmmmm&#8230;..<\/p>\n<p>https:\/\/youtu.be\/c_ggHQgXM<\/p>\n<p><div id='gallery-2' class='gallery galleryid-254 gallery-columns-3 gallery-size-thumbnail'><figure class='gallery-item'>\n\t\t\t<div class='gallery-icon landscape'>\n\t\t\t\t<a href='https:\/\/la-villa-pourpre.com\/img_3331\/'><img loading=\"lazy\" decoding=\"async\" width=\"150\" height=\"150\" src=\"https:\/\/la-villa-pourpre.com\/wp-content\/uploads\/2018\/08\/img_3331-150x150.jpg\" class=\"attachment-thumbnail size-thumbnail\" alt=\"\" \/><\/a>\n\t\t\t<\/div><\/figure><figure class='gallery-item'>\n\t\t\t<div class='gallery-icon landscape'>\n\t\t\t\t<a href='https:\/\/la-villa-pourpre.com\/img_3333\/'><img loading=\"lazy\" decoding=\"async\" width=\"150\" height=\"150\" src=\"https:\/\/la-villa-pourpre.com\/wp-content\/uploads\/2018\/08\/img_3333-150x150.jpg\" class=\"attachment-thumbnail size-thumbnail\" alt=\"\" \/><\/a>\n\t\t\t<\/div><\/figure>\n\t\t<\/div>\nAssister au plus grand <em>spectacle<\/em> d&rsquo;Aquitaine: 400 acteurs et 50 chevaux remettent en sc\u00e8ne <strong>la Bataille de Castillon<\/strong>, derni\u00e8re bataille de la Guerre de Cent Ans. Historiquement grand.<\/p>\n<div class=\"jetpack-video-wrapper\"><iframe title=\"La Bataille de Castillon\" width=\"685\" height=\"385\" src=\"https:\/\/www.youtube.com\/embed\/ewTaoK5ACss?feature=oembed\" frameborder=\"0\" allow=\"accelerometer; autoplay; clipboard-write; encrypted-media; gyroscope; picture-in-picture; web-share\" allowfullscreen><\/iframe><\/div>\n<p><a href=\"http:\/\/http\/\/www.batailledecastillon.com\/\">http:\/\/http:\/\/www.batailledecastillon.com<\/a><\/p>\n<p><a href=\"http:\/\/http\/\/www.batailledecastillon.com\/\"><img loading=\"lazy\" decoding=\"async\" src=\"https:\/\/lavilladordogne.files.wordpress.com\/2018\/08\/img_3349.jpg\" class=\"size-full wp-image-403\" width=\"3348\" height=\"1550\"><\/a><\/p>\n<ul>\n<li>L\u00e2cher du lest, prendre de la hauteur et suivre le cours de la Dordogne d&rsquo;un autre point de vue, <em>l\u00e9ger<\/em> et <em>po\u00e9tique<\/em>. Jouer \u00e0 \u00ab\u00a0Mais o\u00f9 est La Villa?\u00a0\u00bb.<\/li>\n<\/ul>\n<p>https:\/\/www.montgolfiere-durand.com\/<img loading=\"lazy\" decoding=\"async\" src=\"https:\/\/lavilladordogne.files.wordpress.com\/2018\/08\/img_3287.jpg\" class=\"size-full wp-image-383\" width=\"850\" height=\"520\" srcset=\"https:\/\/la-villa-pourpre.com\/wp-content\/uploads\/2018\/08\/img_3287.jpg 850w, https:\/\/la-villa-pourpre.com\/wp-content\/uploads\/2018\/08\/img_3287-300x184.jpg 300w, https:\/\/la-villa-pourpre.com\/wp-content\/uploads\/2018\/08\/img_3287-768x470.jpg 768w\" sizes=\"(max-width: 850px) 100vw, 850px\" \/><\/p>\n<ul>\n<li>Am\u00e9liorer son swing dans le cadre somptueux du Golf des Vigiers. Puis se r\u00e9compenser au Spa tout en se laissant aller \u00e0 r\u00eaver aux plats \u00e9toil\u00e9s du restaurant des Fresques, \u00e0 d\u00e9guster juste apr\u00e8s, histoire de reprendre un petit peu de Vues&#8230;<\/li>\n<li>\n<div class=\"wpview-content wpview-type-gallery\">\n<p><div id='gallery-3' class='gallery galleryid-254 gallery-columns-3 gallery-size-thumbnail'><figure class='gallery-item'>\n\t\t\t<div class='gallery-icon landscape'>\n\t\t\t\t<a href='https:\/\/la-villa-pourpre.com\/img_3339\/'><img loading=\"lazy\" decoding=\"async\" width=\"150\" height=\"150\" src=\"https:\/\/la-villa-pourpre.com\/wp-content\/uploads\/2018\/08\/img_3339-150x150.jpg\" class=\"attachment-thumbnail size-thumbnail\" alt=\"\" \/><\/a>\n\t\t\t<\/div><\/figure><figure class='gallery-item'>\n\t\t\t<div class='gallery-icon landscape'>\n\t\t\t\t<a href='https:\/\/la-villa-pourpre.com\/img_3338\/'><img loading=\"lazy\" decoding=\"async\" width=\"150\" height=\"150\" src=\"https:\/\/la-villa-pourpre.com\/wp-content\/uploads\/2018\/08\/img_3338-150x150.jpg\" class=\"attachment-thumbnail size-thumbnail\" alt=\"\" \/><\/a>\n\t\t\t<\/div><\/figure><figure class='gallery-item'>\n\t\t\t<div class='gallery-icon landscape'>\n\t\t\t\t<a href='https:\/\/la-villa-pourpre.com\/img_3340\/'><img loading=\"lazy\" decoding=\"async\" width=\"150\" height=\"150\" src=\"https:\/\/la-villa-pourpre.com\/wp-content\/uploads\/2018\/08\/img_3340-150x150.jpg\" class=\"attachment-thumbnail size-thumbnail\" alt=\"\" \/><\/a>\n\t\t\t<\/div><\/figure>\n\t\t<\/div>\nD\u00e9couvrir la <em>plus belle ville au Monde <\/em>(dixit le <em>Los Angeles Times<\/em> ou le <em>Lonely Planet<\/em>, excusez du peu)&#8230; <strong>Bordeaux<\/strong>!!! \u00c0 45 minutes seulement de La Villa. Y <em>fl\u00e2ner<\/em> le long des quais, <em>somptueux<\/em>, et ne surtout surtout pas repartir sans avoir au pr\u00e9alable foul\u00e9 la surface \u00e9blouisso-rafra\u00eechissante de son sublime <em>miroir d&rsquo;eau<\/em>..<\/p>\n<\/div>\n<\/li>\n<\/ul>\n<div class=\"wpview-content wpview-type-gallery\"><\/div>\n<div class=\"wpview-content wpview-type-gallery\">\n<p><div id='gallery-4' class='gallery galleryid-254 gallery-columns-3 gallery-size-thumbnail'><figure class='gallery-item'>\n\t\t\t<div class='gallery-icon landscape'>\n\t\t\t\t<a href='https:\/\/la-villa-pourpre.com\/img_3351\/'><img loading=\"lazy\" decoding=\"async\" width=\"150\" height=\"150\" src=\"https:\/\/la-villa-pourpre.com\/wp-content\/uploads\/2018\/08\/img_3351-150x150.jpg\" class=\"attachment-thumbnail size-thumbnail\" alt=\"\" \/><\/a>\n\t\t\t<\/div><\/figure><figure class='gallery-item'>\n\t\t\t<div class='gallery-icon landscape'>\n\t\t\t\t<a href='https:\/\/la-villa-pourpre.com\/img_3350\/'><img loading=\"lazy\" decoding=\"async\" width=\"150\" height=\"150\" src=\"https:\/\/la-villa-pourpre.com\/wp-content\/uploads\/2018\/08\/img_3350-150x150.jpg\" class=\"attachment-thumbnail size-thumbnail\" alt=\"\" \/><\/a>\n\t\t\t<\/div><\/figure><figure class='gallery-item'>\n\t\t\t<div class='gallery-icon landscape'>\n\t\t\t\t<a href='https:\/\/la-villa-pourpre.com\/image\/'><img loading=\"lazy\" decoding=\"async\" width=\"150\" height=\"150\" src=\"https:\/\/la-villa-pourpre.com\/wp-content\/uploads\/2018\/08\/image-150x150.jpg\" class=\"attachment-thumbnail size-thumbnail\" alt=\"\" \/><\/a>\n\t\t\t<\/div><\/figure><figure class='gallery-item'>\n\t\t\t<div class='gallery-icon landscape'>\n\t\t\t\t<a href='https:\/\/la-villa-pourpre.com\/img_3341\/'><img loading=\"lazy\" decoding=\"async\" width=\"150\" height=\"150\" src=\"https:\/\/la-villa-pourpre.com\/wp-content\/uploads\/2018\/08\/img_3341-150x150.jpg\" class=\"attachment-thumbnail size-thumbnail\" alt=\"\" \/><\/a>\n\t\t\t<\/div><\/figure>\n\t\t<\/div>\nDescendre juste en bas du coteau et longuement h\u00e9siter (parce qu&rsquo;on a le temps, on est en vacances) entre <em>pagayer<\/em>, <em>taper la balle<\/em>, <em>randonner, nager<\/em> ou simplement <em>buller<\/em> sur la plage am\u00e9nag\u00e9e&#8230;<\/p>\n<\/div>\n<div class=\"wpview-content wpview-type-gallery\">\n<p><div id='gallery-5' class='gallery galleryid-254 gallery-columns-3 gallery-size-thumbnail'><figure class='gallery-item'>\n\t\t\t<div class='gallery-icon portrait'>\n\t\t\t\t<a href='https:\/\/la-villa-pourpre.com\/img_3343\/'><img loading=\"lazy\" decoding=\"async\" width=\"150\" height=\"150\" src=\"https:\/\/la-villa-pourpre.com\/wp-content\/uploads\/2018\/08\/img_3343-150x150.jpg\" class=\"attachment-thumbnail size-thumbnail\" alt=\"\" \/><\/a>\n\t\t\t<\/div><\/figure><figure class='gallery-item'>\n\t\t\t<div class='gallery-icon landscape'>\n\t\t\t\t<a href='https:\/\/la-villa-pourpre.com\/img_3346\/'><img loading=\"lazy\" decoding=\"async\" width=\"150\" height=\"150\" src=\"https:\/\/la-villa-pourpre.com\/wp-content\/uploads\/2018\/08\/img_3346-150x150.jpg\" class=\"attachment-thumbnail size-thumbnail\" alt=\"\" \/><\/a>\n\t\t\t<\/div><\/figure><figure class='gallery-item'>\n\t\t\t<div class='gallery-icon landscape'>\n\t\t\t\t<a href='https:\/\/la-villa-pourpre.com\/img_3345\/'><img loading=\"lazy\" decoding=\"async\" width=\"150\" height=\"150\" src=\"https:\/\/la-villa-pourpre.com\/wp-content\/uploads\/2018\/08\/img_3345-150x150.jpg\" class=\"attachment-thumbnail size-thumbnail\" alt=\"\" \/><\/a>\n\t\t\t<\/div><\/figure><figure class='gallery-item'>\n\t\t\t<div class='gallery-icon landscape'>\n\t\t\t\t<a href='https:\/\/la-villa-pourpre.com\/img_3347\/'><img loading=\"lazy\" decoding=\"async\" width=\"150\" height=\"150\" src=\"https:\/\/la-villa-pourpre.com\/wp-content\/uploads\/2018\/08\/img_3347-150x150.jpg\" class=\"attachment-thumbnail size-thumbnail\" alt=\"\" \/><\/a>\n\t\t\t<\/div><\/figure>\n\t\t<\/div>\nNe rien faire- Ne rien voir- Se poser-Se reposer-Paresser-L\u00e9zarder-R\u00eavasser-Prendre son temps-Perdre son temps-Suspendre le temps&#8230;<\/p>\n<\/div>\n<p><!--more--><\/p>\n<blockquote><p>\u00ab\u00a0La contemplation, c&rsquo;est suspendre le temps \u00e0 coups de beaut\u00e9\u00a0\u00bb -Delphine Lamotte-<\/p>\n<\/blockquote>\n","protected":false},"excerpt":{"rendered":"<p>&nbsp; Assister \u00e0 un spectacle Unique en Nouvelle-Aquitaine : les fresques lumineuses, grandioses et en 4D, au Ch\u00e2teau de Duras! 40 minutes de spectacle, \u00e0 22h30 du 28 juin au 30 ao\u00fbt tous les mardis, jeudis et dimanches au Ch\u00e2teau (3\u20ac \u00e0 partir de 7 ans). \u00c0 coupler en amont avec une visite du ch\u00e2teau. &hellip; <a href=\"https:\/\/la-villa-pourpre.com\/index.php\/a-voir-a-faire\/\" class=\"more-link\">Lire la suite <span class=\"screen-reader-text\">\u00c0 voir, \u00e0 faire<\/span><\/a><\/p>\n","protected":false},"author":2,"featured_media":0,"parent":0,"menu_order":0,"comment_status":"closed","ping_status":"closed","template":"","meta":{"_ti_tpc_template_sync":false,"_ti_tpc_template_id":"","footnotes":""},"jetpack_sharing_enabled":true,"_links":{"self":[{"href":"https:\/\/la-villa-pourpre.com\/index.php\/wp-json\/wp\/v2\/pages\/254"}],"collection":[{"href":"https:\/\/la-villa-pourpre.com\/index.php\/wp-json\/wp\/v2\/pages"}],"about":[{"href":"https:\/\/la-villa-pourpre.com\/index.php\/wp-json\/wp\/v2\/types\/page"}],"author":[{"embeddable":true,"href":"https:\/\/la-villa-pourpre.com\/index.php\/wp-json\/wp\/v2\/users\/2"}],"replies":[{"embeddable":true,"href":"https:\/\/la-villa-pourpre.com\/index.php\/wp-json\/wp\/v2\/comments?post=254"}],"version-history":[{"count":0,"href":"https:\/\/la-villa-pourpre.com\/index.php\/wp-json\/wp\/v2\/pages\/254\/revisions"}],"wp:attachment":[{"href":"https:\/\/la-villa-pourpre.com\/index.php\/wp-json\/wp\/v2\/media?parent=254"}],"curies":[{"name":"wp","href":"https:\/\/api.w.org\/{rel}","templated":true}]}}

À voir, à faire

<p>&nbsp;</p>
<ul>
<li>Assister à un spectacle Unique en Nouvelle-Aquitaine : les fresques <em>lumineuses</em>, <em>grandioses</em> et en <em>4D</em>, au <strong>Château de Duras</strong>! 40 minutes de spectacle, à 22h30 du 28 juin au 30 août tous les mardis, jeudis et dimanches au Château (3€ à partir de 7 ans). À coupler en amont avec une visite du château. <em>Le must.</em></li>
</ul>
<p>https://www.facebook.com/chateau.de.duras/videos/1985712838168720/</p>
<p><div id='gallery-1' class='gallery galleryid-254 gallery-columns-3 gallery-size-thumbnail'><figure class='gallery-item'>
			<div class='gallery-icon landscape'>
				<a href='https://la-villa-pourpre.com/img_3334/'><img decoding="async" width="150" height="150" src="https://la-villa-pourpre.com/wp-content/uploads/2018/08/img_3334-150x150.jpg" class="attachment-thumbnail size-thumbnail" alt="" /></a>
			</div></figure><figure class='gallery-item'>
			<div class='gallery-icon landscape'>
				<a href='https://la-villa-pourpre.com/img_3336/'><img decoding="async" width="150" height="150" src="https://la-villa-pourpre.com/wp-content/uploads/2018/08/img_3336-150x150.jpg" class="attachment-thumbnail size-thumbnail" alt="" /></a>
			</div></figure><figure class='gallery-item'>
			<div class='gallery-icon landscape'>
				<a href='https://la-villa-pourpre.com/img_3335/'><img decoding="async" width="150" height="150" src="https://la-villa-pourpre.com/wp-content/uploads/2018/08/img_3335-150x150.jpg" class="attachment-thumbnail size-thumbnail" alt="" /></a>
			</div></figure>
		</div>
Visiter <strong>Saint Emilion</strong> (village <em>UNESCO</em>), son centre <em>médiéval</em>, son cloître, ses Châteaux et ses <em>caves prestigieuses</em>. Faire le plein de souvenirs estampillés Grands Crus Classés. En profiter pour déguster (et ramener!) l&rsquo;autre spécialité de Saint Emilion: les <strong>macarons</strong> de Nadia Fermigier -boutique 9 rue Guadet 33330 St Emilion- Tellement hummmmmm&#8230;..</p>
<p>https://youtu.be/c_ggHQgXM</p>
<p><div id='gallery-2' class='gallery galleryid-254 gallery-columns-3 gallery-size-thumbnail'><figure class='gallery-item'>
			<div class='gallery-icon landscape'>
				<a href='https://la-villa-pourpre.com/img_3331/'><img loading="lazy" decoding="async" width="150" height="150" src="https://la-villa-pourpre.com/wp-content/uploads/2018/08/img_3331-150x150.jpg" class="attachment-thumbnail size-thumbnail" alt="" /></a>
			</div></figure><figure class='gallery-item'>
			<div class='gallery-icon landscape'>
				<a href='https://la-villa-pourpre.com/img_3333/'><img loading="lazy" decoding="async" width="150" height="150" src="https://la-villa-pourpre.com/wp-content/uploads/2018/08/img_3333-150x150.jpg" class="attachment-thumbnail size-thumbnail" alt="" /></a>
			</div></figure>
		</div>
Assister au plus grand <em>spectacle</em> d&rsquo;Aquitaine: 400 acteurs et 50 chevaux remettent en scène <strong>la Bataille de Castillon</strong>, dernière bataille de la Guerre de Cent Ans. Historiquement grand.</p>
<div class="jetpack-video-wrapper"><iframe title="La Bataille de Castillon" width="685" height="385" src="https://www.youtube.com/embed/ewTaoK5ACss?feature=oembed" frameborder="0" allow="accelerometer; autoplay; clipboard-write; encrypted-media; gyroscope; picture-in-picture; web-share" allowfullscreen></iframe></div>
<p><a href="http://http//www.batailledecastillon.com/">http://http://www.batailledecastillon.com</a></p>
<p><a href="http://http//www.batailledecastillon.com/"><img loading="lazy" decoding="async" src="https://lavilladordogne.files.wordpress.com/2018/08/img_3349.jpg" class="size-full wp-image-403" width="3348" height="1550"></a></p>
<ul>
<li>Lâcher du lest, prendre de la hauteur et suivre le cours de la Dordogne d&rsquo;un autre point de vue, <em>léger</em> et <em>poétique</em>. Jouer à « Mais où est La Villa? ».</li>
</ul>
<p>https://www.montgolfiere-durand.com/<img loading="lazy" decoding="async" src="https://lavilladordogne.files.wordpress.com/2018/08/img_3287.jpg" class="size-full wp-image-383" width="850" height="520" srcset="https://la-villa-pourpre.com/wp-content/uploads/2018/08/img_3287.jpg 850w, https://la-villa-pourpre.com/wp-content/uploads/2018/08/img_3287-300x184.jpg 300w, https://la-villa-pourpre.com/wp-content/uploads/2018/08/img_3287-768x470.jpg 768w" sizes="(max-width: 850px) 100vw, 850px" /></p>
<ul>
<li>Améliorer son swing dans le cadre somptueux du Golf des Vigiers. Puis se récompenser au Spa tout en se laissant aller à rêver aux plats étoilés du restaurant des Fresques, à déguster juste après, histoire de reprendre un petit peu de Vues&#8230;</li>
<li>
<div class="wpview-content wpview-type-gallery">
<p><div id='gallery-3' class='gallery galleryid-254 gallery-columns-3 gallery-size-thumbnail'><figure class='gallery-item'>
			<div class='gallery-icon landscape'>
				<a href='https://la-villa-pourpre.com/img_3339/'><img loading="lazy" decoding="async" width="150" height="150" src="https://la-villa-pourpre.com/wp-content/uploads/2018/08/img_3339-150x150.jpg" class="attachment-thumbnail size-thumbnail" alt="" /></a>
			</div></figure><figure class='gallery-item'>
			<div class='gallery-icon landscape'>
				<a href='https://la-villa-pourpre.com/img_3338/'><img loading="lazy" decoding="async" width="150" height="150" src="https://la-villa-pourpre.com/wp-content/uploads/2018/08/img_3338-150x150.jpg" class="attachment-thumbnail size-thumbnail" alt="" /></a>
			</div></figure><figure class='gallery-item'>
			<div class='gallery-icon landscape'>
				<a href='https://la-villa-pourpre.com/img_3340/'><img loading="lazy" decoding="async" width="150" height="150" src="https://la-villa-pourpre.com/wp-content/uploads/2018/08/img_3340-150x150.jpg" class="attachment-thumbnail size-thumbnail" alt="" /></a>
			</div></figure>
		</div>
Découvrir la <em>plus belle ville au Monde </em>(dixit le <em>Los Angeles Times</em> ou le <em>Lonely Planet</em>, excusez du peu)&#8230; <strong>Bordeaux</strong>!!! À 45 minutes seulement de La Villa. Y <em>flâner</em> le long des quais, <em>somptueux</em>, et ne surtout surtout pas repartir sans avoir au préalable foulé la surface éblouisso-rafraîchissante de son sublime <em>miroir d&rsquo;eau</em>..</p>
</div>
</li>
</ul>
<div class="wpview-content wpview-type-gallery"></div>
<div class="wpview-content wpview-type-gallery">
<p><div id='gallery-4' class='gallery galleryid-254 gallery-columns-3 gallery-size-thumbnail'><figure class='gallery-item'>
			<div class='gallery-icon landscape'>
				<a href='https://la-villa-pourpre.com/img_3351/'><img loading="lazy" decoding="async" width="150" height="150" src="https://la-villa-pourpre.com/wp-content/uploads/2018/08/img_3351-150x150.jpg" class="attachment-thumbnail size-thumbnail" alt="" /></a>
			</div></figure><figure class='gallery-item'>
			<div class='gallery-icon landscape'>
				<a href='https://la-villa-pourpre.com/img_3350/'><img loading="lazy" decoding="async" width="150" height="150" src="https://la-villa-pourpre.com/wp-content/uploads/2018/08/img_3350-150x150.jpg" class="attachment-thumbnail size-thumbnail" alt="" /></a>
			</div></figure><figure class='gallery-item'>
			<div class='gallery-icon landscape'>
				<a href='https://la-villa-pourpre.com/image/'><img loading="lazy" decoding="async" width="150" height="150" src="https://la-villa-pourpre.com/wp-content/uploads/2018/08/image-150x150.jpg" class="attachment-thumbnail size-thumbnail" alt="" /></a>
			</div></figure><figure class='gallery-item'>
			<div class='gallery-icon landscape'>
				<a href='https://la-villa-pourpre.com/img_3341/'><img loading="lazy" decoding="async" width="150" height="150" src="https://la-villa-pourpre.com/wp-content/uploads/2018/08/img_3341-150x150.jpg" class="attachment-thumbnail size-thumbnail" alt="" /></a>
			</div></figure>
		</div>
Descendre juste en bas du coteau et longuement hésiter (parce qu&rsquo;on a le temps, on est en vacances) entre <em>pagayer</em>, <em>taper la balle</em>, <em>randonner, nager</em> ou simplement <em>buller</em> sur la plage aménagée&#8230;</p>
</div>
<div class="wpview-content wpview-type-gallery">
<p><div id='gallery-5' class='gallery galleryid-254 gallery-columns-3 gallery-size-thumbnail'><figure class='gallery-item'>
			<div class='gallery-icon portrait'>
				<a href='https://la-villa-pourpre.com/img_3343/'><img loading="lazy" decoding="async" width="150" height="150" src="https://la-villa-pourpre.com/wp-content/uploads/2018/08/img_3343-150x150.jpg" class="attachment-thumbnail size-thumbnail" alt="" /></a>
			</div></figure><figure class='gallery-item'>
			<div class='gallery-icon landscape'>
				<a href='https://la-villa-pourpre.com/img_3346/'><img loading="lazy" decoding="async" width="150" height="150" src="https://la-villa-pourpre.com/wp-content/uploads/2018/08/img_3346-150x150.jpg" class="attachment-thumbnail size-thumbnail" alt="" /></a>
			</div></figure><figure class='gallery-item'>
			<div class='gallery-icon landscape'>
				<a href='https://la-villa-pourpre.com/img_3345/'><img loading="lazy" decoding="async" width="150" height="150" src="https://la-villa-pourpre.com/wp-content/uploads/2018/08/img_3345-150x150.jpg" class="attachment-thumbnail size-thumbnail" alt="" /></a>
			</div></figure><figure class='gallery-item'>
			<div class='gallery-icon landscape'>
				<a href='https://la-villa-pourpre.com/img_3347/'><img loading="lazy" decoding="async" width="150" height="150" src="https://la-villa-pourpre.com/wp-content/uploads/2018/08/img_3347-150x150.jpg" class="attachment-thumbnail size-thumbnail" alt="" /></a>
			</div></figure>
		</div>
Ne rien faire- Ne rien voir- Se poser-Se reposer-Paresser-Lézarder-Rêvasser-Prendre son temps-Perdre son temps-Suspendre le temps&#8230;</p>
</div>
<p><!--more--></p>
<blockquote><p>« La contemplation, c&rsquo;est suspendre le temps à coups de beauté » -Delphine Lamotte-</p>
</blockquote>

<p>&nbsp; Assister à un spectacle Unique en Nouvelle-Aquitaine : les fresques lumineuses, grandioses et en 4D, au Château de Duras! 40 minutes de spectacle, à 22h30 du 28 juin au 30 août tous les mardis, jeudis et dimanches au Château (3€ à partir de 7 ans). À coupler en amont avec une visite du château. &hellip; <a href="https://la-villa-pourpre.com/index.php/a-voir-a-faire/" class="more-link">Lire la suite <span class="screen-reader-text">À voir, à faire</span></a></p>
