{"id":2,"date":"2018-08-09T13:39:45","date_gmt":"2018-08-09T12:39:45","guid":{"rendered":"https:\/\/lavilladordogne.wordpress.com\/?page_id=2"},"modified":"2018-08-09T13:39:45","modified_gmt":"2018-08-09T12:39:45","slug":"a-propos","status":"publish","type":"page","link":"https:\/\/la-villa-pourpre.com\/index.php\/a-propos\/","title":{"rendered":"\u00c0 propos&#8230;"},"content":{"rendered":"<p>Nous aurions pu mettre juste un gros coup de feutre sur un simple panneau savamment inclin\u00e9 \u00a0: \u00a0 \u00ab <i>Villa de vacances \u00e0 louer en Dordogne. 06 81 XX XX XX\u00bb<\/i>&#8230; \u00e7a n\u2019aurait pas \u00e9t\u00e9 nous. Du tout.<\/p>\n<p>Nous aurions pu aussi nous satisfaire de seulement faire para\u00eetre une belle annonce, joyeusement \u00a0amoncel\u00e9e sous les cent-vingt-mille autres d\u2019un de ces sites mastodontes de la location estivale&#8230; nous n\u2019aimons pas le mass-market. Du tout.<\/p>\n<p>Nous aurions pu enfin ne rien louer du tout. Nous aurions pu&#8230; Mais \u00e0 c\u00f4t\u00e9 de quels <i>r\u00eaves<\/i>, <i>exp\u00e9riences<\/i> et <i>rencontres<\/i> serions-nous alors pass\u00e9s? Je n\u2019ose l\u2019 imaginer. Du tout.<\/p>\n<p>Nous, c\u2019est la famille Martin. Carine, Anthony, Eliot et Auguste, de purs crus locaux pour les trois-quarts. Une famille de <span style=\"text-decoration:line-through;\">nomades<\/span>\u00a0param\u00e9dicaux pour les uns, de\u00a0<del>geek<\/del>\u00a0coll\u00e9giens pour les autres, que l\u2019<i>amour<\/i> du <i>mouvement<\/i>\u00a0et <i>l\u2019ampleur<\/i> <i>des<\/i> <i>r\u00eaves<\/i> ont pouss\u00e9, voil\u00e0 quelques ann\u00e9es, \u00e0 imaginer \u00a0puis \u00e9riger \u00a0leur propre conception du Havre de <i>paix<\/i> et de <i>convivialit\u00e9<\/i> au <i>luxe <\/i>confidentiel. Pour mieux la partager.<\/p>\n<p>Et La Villa est ainsi n\u00e9e.<\/p>\n<p>En toute continuit\u00e9, ce site a d\u00e9sormais vocation \u00e0 vous la pr\u00e9senter et \u00e0 vous laisser l\u2019opportunit\u00e9 de la r\u00e9server juste\u00a0\u00a0de Vous \u00e0 Nous.<\/p>\n<p>Et c\u2019est tout.<\/p>\n<p>&nbsp;<\/p>\n<div id='gallery-1' class='gallery galleryid-2 gallery-columns-3 gallery-size-thumbnail'><figure class='gallery-item'>\n\t\t\t<div class='gallery-icon landscape'>\n\t\t\t\t<a href='https:\/\/la-villa-pourpre.com\/b854acd3-56cb-42aa-babf-c2ab181b3876\/'><img decoding=\"async\" width=\"150\" height=\"150\" src=\"https:\/\/la-villa-pourpre.com\/wp-content\/uploads\/2018\/08\/b854acd3-56cb-42aa-babf-c2ab181b3876-150x150.jpeg\" class=\"attachment-thumbnail size-thumbnail\" alt=\"\" \/><\/a>\n\t\t\t<\/div><\/figure>\n\t\t<\/div>\n\n<p>&nbsp;<\/p>\n<p>&nbsp;<\/p>\n","protected":false},"excerpt":{"rendered":"<p>Nous aurions pu mettre juste un gros coup de feutre sur un simple panneau savamment inclin\u00e9 \u00a0: \u00a0 \u00ab Villa de vacances \u00e0 louer en Dordogne. 06 81 XX XX XX\u00bb&#8230; \u00e7a n\u2019aurait pas \u00e9t\u00e9 nous. Du tout. Nous aurions pu aussi nous satisfaire de seulement faire para\u00eetre une belle annonce, joyeusement \u00a0amoncel\u00e9e sous les &hellip; <a href=\"https:\/\/la-villa-pourpre.com\/index.php\/a-propos\/\" class=\"more-link\">Lire la suite <span class=\"screen-reader-text\">\u00c0 propos&#8230;<\/span><\/a><\/p>\n","protected":false},"author":2,"featured_media":0,"parent":0,"menu_order":1,"comment_status":"closed","ping_status":"closed","template":"","meta":{"_ti_tpc_template_sync":false,"_ti_tpc_template_id":"","footnotes":""},"jetpack_sharing_enabled":false,"_links":{"self":[{"href":"https:\/\/la-villa-pourpre.com\/index.php\/wp-json\/wp\/v2\/pages\/2"}],"collection":[{"href":"https:\/\/la-villa-pourpre.com\/index.php\/wp-json\/wp\/v2\/pages"}],"about":[{"href":"https:\/\/la-villa-pourpre.com\/index.php\/wp-json\/wp\/v2\/types\/page"}],"author":[{"embeddable":true,"href":"https:\/\/la-villa-pourpre.com\/index.php\/wp-json\/wp\/v2\/users\/2"}],"replies":[{"embeddable":true,"href":"https:\/\/la-villa-pourpre.com\/index.php\/wp-json\/wp\/v2\/comments?post=2"}],"version-history":[{"count":0,"href":"https:\/\/la-villa-pourpre.com\/index.php\/wp-json\/wp\/v2\/pages\/2\/revisions"}],"wp:attachment":[{"href":"https:\/\/la-villa-pourpre.com\/index.php\/wp-json\/wp\/v2\/media?parent=2"}],"curies":[{"name":"wp","href":"https:\/\/api.w.org\/{rel}","templated":true}]}}

À propos&#8230;

<p>Nous aurions pu mettre juste un gros coup de feutre sur un simple panneau savamment incliné  :   « <i>Villa de vacances à louer en Dordogne. 06 81 XX XX XX»</i>&#8230; ça n’aurait pas été nous. Du tout.</p>
<p>Nous aurions pu aussi nous satisfaire de seulement faire paraître une belle annonce, joyeusement  amoncelée sous les cent-vingt-mille autres d’un de ces sites mastodontes de la location estivale&#8230; nous n’aimons pas le mass-market. Du tout.</p>
<p>Nous aurions pu enfin ne rien louer du tout. Nous aurions pu&#8230; Mais à côté de quels <i>rêves</i>, <i>expériences</i> et <i>rencontres</i> serions-nous alors passés? Je n’ose l’ imaginer. Du tout.</p>
<p>Nous, c’est la famille Martin. Carine, Anthony, Eliot et Auguste, de purs crus locaux pour les trois-quarts. Une famille de <span style="text-decoration:line-through;">nomades</span> paramédicaux pour les uns, de <del>geek</del> collégiens pour les autres, que l’<i>amour</i> du <i>mouvement</i> et <i>l’ampleur</i> <i>des</i> <i>rêves</i> ont poussé, voilà quelques années, à imaginer  puis ériger  leur propre conception du Havre de <i>paix</i> et de <i>convivialité</i> au <i>luxe </i>confidentiel. Pour mieux la partager.</p>
<p>Et La Villa est ainsi née.</p>
<p>En toute continuité, ce site a désormais vocation à vous la présenter et à vous laisser l’opportunité de la réserver juste  de Vous à Nous.</p>
<p>Et c’est tout.</p>
<p>&nbsp;</p>
<div id='gallery-1' class='gallery galleryid-2 gallery-columns-3 gallery-size-thumbnail'><figure class='gallery-item'>
			<div class='gallery-icon landscape'>
				<a href='https://la-villa-pourpre.com/b854acd3-56cb-42aa-babf-c2ab181b3876/'><img decoding="async" width="150" height="150" src="https://la-villa-pourpre.com/wp-content/uploads/2018/08/b854acd3-56cb-42aa-babf-c2ab181b3876-150x150.jpeg" class="attachment-thumbnail size-thumbnail" alt="" /></a>
			</div></figure>
		</div>

<p>&nbsp;</p>
<p>&nbsp;</p>

<p>Nous aurions pu mettre juste un gros coup de feutre sur un simple panneau savamment incliné  :   « Villa de vacances à louer en Dordogne. 06 81 XX XX XX»&#8230; ça n’aurait pas été nous. Du tout. Nous aurions pu aussi nous satisfaire de seulement faire paraître une belle annonce, joyeusement  amoncelée sous les &hellip; <a href="https://la-villa-pourpre.com/index.php/a-propos/" class="more-link">Lire la suite <span class="screen-reader-text">À propos&#8230;</span></a></p>
